*2. Let f be q(-4). What is the tens digit of 246/21 + f/(-14)?
1
Let l(w) be the third derivative of -w**5/60 - w**4/4 - 5*w**3/6 + w**2. Let v be l(-5). Suppose 2*q + 2*q - 8 = v. What is the units digit of q?
2
Let p = 7 + 1. What is the units digit of (p/12)/((-2)/(-36))?
2
Suppose 5*p - 3*j = 16, 3*p = 5*j - 2 + 18. Suppose p*a - 3*g = 5*a - 57, 4*g = -3*a + 61. What is the units digit of a?
5
Suppose -5*z = z - 12. Suppose z - 62 = -5*b. What is the tens digit of b?
1
Let a(c) = c**2 + c - 4. Let f be a(-4). Let z = -7 + f. What is the units digit of z?
1
What is the tens digit of 0 + 1 + 6/(6/61)?
6
Suppose -7*h + 66 = -10*h. Let o = -36 - -26. Let q = o - h. What is the tens digit of q?
1
Let l(j) = j - 3. Let i be l(8). Suppose i*y - 29 = 6. What is the units digit of y?
7
Let f = 6 - -13. Suppose 11 = 2*p - f. What is the tens digit of p?
1
Suppose -10 = 2*i + 2*n, 3*i - 8*n + 5*n + 27 = 0. Let b = 12 + i. Let s = b + -4. What is the units digit of s?
1
Suppose -2*m + 10 = -0*m. Suppose -40 = 3*g - m*g. What is the units digit of g?
0
Let s(y) be the first derivative of y**2/2 - 2*y + 1. Let p be s(4). Suppose -4*b = -p*b - 4. What is the units digit of b?
2
Let r(t) = -21*t + 36. What is the hundreds digit of r(-10)?
2
Let m be (3 + 0)*2/(-6). What is the units digit of (0 - m)*(2 + -1)?
1
Let z(h) = 3*h + 20. Let t be z(-14). What is the units digit of 3/(-2)*t - -4?
7
Suppose 0 = -2*o - l + 9, -o + 4*l - 6 = o. Let j = o + 22. What is the tens digit of j?
2
Suppose 4 + 0 = u. What is the units digit of u?
4
Suppose 0*o = -4*o - 8. What is the tens digit of 18 + (o - -2 - 3)?
1
Suppose -15*h + 649 = -1511. What is the hundreds digit of h?
1
Let p(m) = -3*m. Let f be p(-2). Let l = f - 4. Suppose -2*w = -2*o + 2*w + 30, -o - l*w = -3. What is the units digit of o?
9
What is the units digit of (-3 + -3)*(-26)/6?
6
Suppose 3*c + 4*a = 4*c - 5, 1 = 3*c - 5*a. Let x(u) = -3*u**2 - 4*u. Let p be x(c). Let w = p + 24. What is the units digit of w?
9
Suppose 5*b + 9 = -1, 1568 = 5*i - 4*b. What is the tens digit of (i/18)/(4/6)?
2
Suppose -4*o + 3*o = -4*u - 10, o - u = 1. Let z be (-4 - o)*20/(-8). Let l(b) = 2*b - 6. What is the units digit of l(z)?
4
Let l(h) = -2*h**3 - 3*h**2 - 3*h - 4. Let j be l(-3). What is the tens digit of j/2 + (-14)/7?
1
Let l = -211 - -507. What is the units digit of l?
6
Suppose -6 = -4*f + 2*f, -5*f = 4*h - 83. What is the tens digit of h?
1
Suppose 2*h - 4*h - 16 = 0. Let p(s) = -s**2 - 7*s + 11. Let b be p(h). Suppose b*k = 6*k - 36. What is the units digit of k?
2
Suppose 0*j + 5*j = 15. Suppose -j*v + 10 + 74 = 0. What is the tens digit of v?
2
Suppose -j + 7*j - 510 = 0. What is the units digit of j?
5
Let g be ((-7)/(-21))/((-2)/6). What is the units digit of 1*(-1 + 1 - g)?
1
Suppose 2*f = -4*y - 6, 4*y - 5 + 21 = -4*f. Let v = f + 12. What is the units digit of v?
7
Suppose 0*n = 3*n. Suppose 3*z + n = -2*u + 4, u + 2*z - 2 = 0. What is the units digit of u?
2
Suppose -6 = -2*w, 5*w = -2*s - 3*s + 1020. What is the tens digit of s?
0
Let a be 150/2*(-2)/6. Let l = -6 - a. What is the units digit of l?
9
Suppose -2*d - 2*i = -7*i - 12, -5*d + i + 30 = 0. Suppose 56 = -2*j + d*j. What is the tens digit of j?
1
Suppose 2*t = t - 52. What is the units digit of 4/(-20) + t/(-10)?
5
Let v be 4 + -1 + 19 + -1. Suppose 5*t + 2*m = t - 6, -4*m = -t + v. Let k(q) = 10*q - 1. What is the units digit of k(t)?
9
Let l be 1/(3/(-3))*-25. Let i = l + -15. Suppose -6*h - 52 = -i*h. What is the tens digit of h?
1
Let g(y) = -1. Let z(t) = t**2 - 9*t + 9. Let r be z(8). Let d(m) = m + 2. Let w(f) = r*d(f) - 2*g(f). What is the units digit of w(0)?
4
Let v(y) = -y + 2. Let t be v(2). Suppose t = -f - 3 - 0. What is the units digit of (f/(-6)*-2)/(-1)?
1
Let d = -17 + 42. Let q = d - 14. What is the units digit of q?
1
Let p(j) = -2*j**2 - 28*j - 21. What is the units digit of p(-13)?
5
Suppose 3*i + 5 = -1. Let g = 12 - i. What is the units digit of g?
4
Suppose -4*i - 20 = -2*z - 4, -5*z - i + 73 = 0. Suppose -2*p = 5*t + 2*p - z, 3*p - 11 = -4*t. Let l = t - -1. What is the units digit of l?
3
Suppose -3*o + 2*o = -2*b + 2, -b - 3*o = -8. Let y be -2 + 31 + b/(-1). Suppose -4*i - 8 = 0, y = 4*f - i + 9. What is the units digit of f?
4
Let l be 5/(-2)*(5 - 7). Suppose -5*z - 5 = l*d, 6 = -4*z + d - 6*d. What is the units digit of 6*z*6/18?
2
Let o = -1 + 4. Let r be 1 - (-2 - -3) - o. What is the units digit of 2/(-3) - 11/r?
3
Let l(x) = 3*x - 5. Let a be l(-5). What is the tens digit of (-535)/a - (-1)/4?
2
Let d = 25 - 13. Let t = d - 5. What is the units digit of t?
7
Let s be ((-12)/(-10))/((-1)/20). Let u be (-1 + -1)*1 + -14. Let k = u - s. What is the units digit of k?
8
Let a(y) = -y - 7. Let j be a(-5). What is the units digit of (-315)/(-18) + j/(-4)?
8
Suppose 5*f + 2*c = 305, -164 = -3*f - 7*c + 2*c. What is the units digit of f?
3
Let c be ((-5)/(-10))/(2/4). What is the units digit of (c/(-1))/((-4)/36)?
9
Suppose 4*w = j + 7, 29 = 3*w - 3*j + 7*j. Suppose -100 = -w*v - 43. What is the tens digit of v?
1
Suppose 5*j - 270 = 2*j. What is the tens digit of j?
9
Let r be 6/(-21) + 332/(-14). Suppose 4*t - t = -51. Let l = t - r. What is the units digit of l?
7
Suppose -5*a + a = -24. Suppose 4*h = 6*h + 8. Let w = a + h. What is the units digit of w?
2
Suppose 0 = -2*p - 3*l + l + 4, 18 = 4*p - l. Suppose 95 = -5*i - 2*a + 6*a, -p*i = -2*a + 70. What is the units digit of ((-3)/(-5))/((-1)/i)?
9
Let d(v) = -v**2 - 8*v + 11. Let j(w) = -w + 11. Let b be j(8). Let m(x) = -2*x - 2. Let r be m(b). What is the tens digit of d(r)?
1
Let m be (-2)/(((-18)/15)/3). Suppose -7 = -2*o - 5*l + 42, 40 = m*o - 4*l. What is the units digit of o?
2
Let b(i) = i**3 + 5*i**2 + 4*i - 4. Let g be b(-4). Let f = 1 - g. Let x = -3 + f. What is the units digit of x?
2
Suppose -3 = 3*v, -47 + 10 = 2*y - 5*v. What is the tens digit of (-784)/y + (-2)/6?
3
Suppose 3*l + 51 = -0*l. Let g = 22 + l. What is the units digit of g?
5
Suppose -2*u - 2*h = 2*u - 418, 4*h = 2*u - 234. Suppose 0 = 4*l - 3*a - u, -5*a = 10 - 5. What is the tens digit of l?
2
Suppose x - 553 = -2*v, -4*v + 7*x - 3*x + 1124 = 0. What is the tens digit of v?
7
Let i be (4/(-1))/2*-4. Let l = -1 + i. What is the units digit of l?
7
Let s(k) = -k**2 - 7*k + 1. What is the units digit of s(-4)?
3
Let a = 7 - 5. Suppose a*p - 56 = -2*p. What is the units digit of p?
4
Let x(c) = 7*c + 8. Let k be x(-8). Let n = 70 + k. Suppose -d = 4*w + 7, -5*d + n = 3*w - 2*w. What is the units digit of d?
5
Let q(h) = -h**2 + 9*h - 6. Let b(m) = 4*m - 2. Let l be b(2). Let d be q(l). Suppose -5*f + 32 = -j, -j + 4 + d = 3*f. What is the units digit of f?
6
Let x(m) = m**3 + 18*m**2 + 17*m + 6. What is the tens digit of x(-15)?
2
Let f = 228 + -84. What is the tens digit of f?
4
What is the tens digit of -1 + ((-50)/(-20))/((-2)/(-28))?
3
Suppose 24 = u - 3*u. Let b be 6/u + (-1)/(-2). Suppose b*z - z = -8. What is the units digit of z?
8
Suppose -638 = -12*d - 2. What is the units digit of d?
3
Let l = -18 + 13. Let o(v) = 3*v**2 + 3*v - 12. What is the tens digit of o(l)?
4
Suppose -16 = -3*z - 3*r + 8, 4*z - 3*r - 4 = 0. Suppose -z*o - 15 = -111. What is the tens digit of o?
2
Let i(p) = p - 2. Let n be i(0). Let m be (-2 + 3)/(1/n). Let r = 10 - m. What is the units digit of r?
2
What is the tens digit of (-7 + 8)/(2/62)?
3
Suppose 2*p - 17 = -2*u + u, 3*u + 26 = p. What is the tens digit of (-2)/2 + 2 + p?
1
Let w(j) = -2*j + 2. Let h be w(3). What is the units digit of (3 + 14/h)*-14?
7
Suppose 2*i = -2*i - 16. Let o = i + 14. What is the units digit of o?
0
Let m = 31 - 10. Suppose -2*c - 3*k + 30 = 0, -5*k - m - 39 = -4*c. Suppose z = t + 15, 2*t + 0 = z - c. What is the units digit of z?
5
Let u be ((-35)/(-2))/(-5)*-2. Let y be -1 - -2 - u - -1. Let r = y + 14. What is the units digit of r?
9
Let u(k) = -k**2 - k. Let r(x) = 5*x**2 + 6*x + 1. Let d(q) = r(q) + u(q). What is the tens digit of d(-3)?
2
Let u = 50 - -196. What is the units digit of u?
6
Suppose -120 = 5*y - 330. What is the units digit of y?
2
Suppose 2*h = -2*h + 4. Let y(t) = 1 - t + t + h + 3*t + t**2. What is the units digit of y(-4)?
6
Suppose 13*m = 10*m + 195. What is the units digit of m?
5
Sup